{"id":1106,"date":"2015-10-26T13:44:10","date_gmt":"2015-10-26T12:44:10","guid":{"rendered":"http:\/\/startit.select-themes.com\/?post_type=product&#038;p=1106"},"modified":"2022-02-28T14:57:51","modified_gmt":"2022-02-28T13:57:51","slug":"crac","status":"publish","type":"product","link":"https:\/\/luxo-peinture.com\/new\/product\/crac\/","title":{"rendered":"CRAC"},"content":{"rendered":"<div class=\"row\">\n<div id=\"Primaires\" class=\"col-sm-12\">\n<div id=\"Definition\" class=\"col-sm-8\">\n<p>Enduit acrylique en dispersion aqueuse, associ\u00e9 \u00e0 un vernis \u00e0 base d\u2019\u00e9mulsion acrylique en dispersion aqueuse. Le vernis est un glacis qui procure \u00e0 l\u2019enduit un fini d\u00e9coratif craquel\u00e9.<\/p>\n<\/div>\n<\/div>\n<\/div>\n","protected":false},"excerpt":{"rendered":"<p>Enduit acrylique en dispersion aqueuse, associ\u00e9 \u00e0 un vernis \u00e0 base d\u2019\u00e9mulsion acrylique en dispersion aqueuse. Le vernis est un glacis qui procure \u00e0 l\u2019enduit un fini d\u00e9coratif craquel\u00e9.<\/p>\n","protected":false},"featured_media":5756,"comment_status":"open","ping_status":"closed","template":"","meta":{"_bbp_topic_count":0,"_bbp_reply_count":0,"_bbp_total_topic_count":0,"_bbp_total_reply_count":0,"_bbp_voice_count":0,"_bbp_anonymous_reply_count":0,"_bbp_topic_count_hidden":0,"_bbp_reply_count_hidden":0,"_bbp_forum_subforum_count":0},"product_cat":[150],"product_tag":[],"_links":{"self":[{"href":"https:\/\/luxo-peinture.com\/new\/wp-json\/wp\/v2\/product\/1106"}],"collection":[{"href":"https:\/\/luxo-peinture.com\/new\/wp-json\/wp\/v2\/product"}],"about":[{"href":"https:\/\/luxo-peinture.com\/new\/wp-json\/wp\/v2\/types\/product"}],"replies":[{"embeddable":true,"href":"https:\/\/luxo-peinture.com\/new\/wp-json\/wp\/v2\/comments?post=1106"}],"wp:featuredmedia":[{"embeddable":true,"href":"https:\/\/luxo-peinture.com\/new\/wp-json\/wp\/v2\/media\/5756"}],"wp:attachment":[{"href":"https:\/\/luxo-peinture.com\/new\/wp-json\/wp\/v2\/media?parent=1106"}],"wp:term":[{"taxonomy":"product_cat","embeddable":true,"href":"https:\/\/luxo-peinture.com\/new\/wp-json\/wp\/v2\/product_cat?post=1106"},{"taxonomy":"product_tag","embeddable":true,"href":"https:\/\/luxo-peinture.com\/new\/wp-json\/wp\/v2\/product_tag?post=1106"}],"curies":[{"name":"wp","href":"https:\/\/api.w.org\/{rel}","templated":true}]}}